{"id":28765,"date":"2023-07-18T06:23:17","date_gmt":"2023-07-18T04:23:17","guid":{"rendered":"https:\/\/igcat.org\/team\/orazio-bellettini-equateur\/"},"modified":"2023-07-18T06:23:17","modified_gmt":"2023-07-18T04:23:17","slug":"orazio-bellettini-equateur","status":"publish","type":"team","link":"https:\/\/igcat.org\/fr\/team\/orazio-bellettini-equateur\/","title":{"rendered":"Orazio Bellettini &#8211; Equateur"},"content":{"rendered":"<h3>Orazio Bellettini Cede\u00f1o<\/h3>\n<p><strong>Entrepreneur social, cofondateur et directeur ex\u00e9cutif de FUEGOS<\/strong><\/p>\n<p>Orazio est un entrepreneur social avec une exp\u00e9rience dans la promotion de processus de d\u00e9veloppement durable multisectoriels et a \u00e9t\u00e9 incorpor\u00e9 en tant qu\u2019expert IGCAT (Institut international de la gastronomie, de la culture, des arts et du tourisme) en 2023. Il est dipl\u00f4m\u00e9 de l\u2019Escuela Agr\u00edcola Panamericana, au Honduras, o\u00f9 il a obtenu un dipl\u00f4me d\u2019ing\u00e9nieur en \u00e9conomie agricole, de l\u2019Universit\u00e9 pontificale catholique de l\u2019\u00c9quateur-PUCE avec une ma\u00eetrise en sciences politiques et en administration des affaires, ainsi que de la Harvard Kennedy School avec une ma\u00eetrise en administration publique et politique publique.<\/p>\n<p>Orazio a conseill\u00e9 des agences internationales, des organisations de la soci\u00e9t\u00e9 civile et des gouvernements au Mexique, au Guatemala, au P\u00e9rou, en Espagne et au Paraguay sur des questions li\u00e9es au r\u00f4le de la connaissance dans le processus politique, l\u2019\u00e9ducation, le changement social et la transition vers des syst\u00e8mes agroalimentaires plus durables. Orazio a re\u00e7u le titre de Ashoka and Avina Fellow en 2008 et celui de Rockefeller Foundation Fellow en 2013.<\/p>\n<p>En 2017, Orazio a cofond\u00e9 <a href=\"https:\/\/www.fuegosec.org\/\" target=\"_blank\" rel=\"noopener\">FUEGOS<\/a> , une organisation de la soci\u00e9t\u00e9 civile qui cherche \u00e0 faire de l\u2019alimentation un catalyseur de la transformation sociale de Manab\u00ed, de l\u2019\u00c9quateur et de l\u2019Am\u00e9rique latine.<\/p>\n<p><a href=\"https:\/\/www.linkedin.com\/in\/oraziobellettinicedeno\/?originalSubdomain=ec\" target=\"_blank\" rel=\"noopener\">LinkedIn (en anglais seulement)<\/a><\/p>\n","protected":false},"excerpt":{"rendered":"<p>Orazio Bellettini Cede\u00f1o est un entrepreneur social, co-fondateur et directeur ex\u00e9cutif de la soci\u00e9t\u00e9 civile FUEGOS&#8230;<\/p>\n","protected":false},"featured_media":28775,"template":"","team_group":[507],"class_list":["post-28765","team","type-team","status-publish","has-post-thumbnail","hentry","team_group-our-experts"],"yoast_head":"<!-- This site is optimized with the Yoast SEO plugin v27.3 - https:\/\/yoast.com\/product\/yoast-seo-wordpress\/ -->\n<title>Orazio Bellettini - Equateur - IGCAT<\/title>\n<meta name=\"description\" content=\"Orazio Bellettini Cede\u00f1o est un expert de l\u2019IGCAT de l\u2019\u00c9quateur, entrepreneur social et cofondateur de l\u2019organisation de la soci\u00e9t\u00e9 civile FUEGOS \u00e0 Manab\u00ed.\" \/>\n<meta name=\"robots\" content=\"index, follow, max-snippet:-1, max-image-preview:large, max-video-preview:-1\" \/>\n<link rel=\"canonical\" href=\"https:\/\/igcat.org\/fr\/team\/orazio-bellettini-equateur\/\" \/>\n<meta property=\"og:locale\" content=\"fr_FR\" \/>\n<meta property=\"og:type\" content=\"article\" \/>\n<meta property=\"og:title\" content=\"Orazio Bellettini - Equateur - IGCAT\" \/>\n<meta property=\"og:description\" content=\"Orazio Bellettini Cede\u00f1o est un expert de l\u2019IGCAT de l\u2019\u00c9quateur, entrepreneur social et cofondateur de l\u2019organisation de la soci\u00e9t\u00e9 civile FUEGOS \u00e0 Manab\u00ed.\" \/>\n<meta property=\"og:url\" content=\"https:\/\/igcat.org\/fr\/team\/orazio-bellettini-equateur\/\" \/>\n<meta property=\"og:site_name\" content=\"IGCAT - International Institute of Gastronomy, Culture, Arts and Tourism\" \/>\n<meta property=\"article:publisher\" content=\"https:\/\/www.facebook.com\/WorldRegionofGastronomy\" \/>\n<meta property=\"og:image\" content=\"https:\/\/igcat.org\/wp-content\/uploads\/2023\/07\/Orazio-Bellettini_Website-1.png\" \/>\n\t<meta property=\"og:image:width\" content=\"264\" \/>\n\t<meta property=\"og:image:height\" content=\"264\" \/>\n\t<meta property=\"og:image:type\" content=\"image\/png\" \/>\n<meta name=\"twitter:card\" content=\"summary_large_image\" \/>\n<meta name=\"twitter:label1\" content=\"Dur\u00e9e de lecture estim\u00e9e\" \/>\n\t<meta name=\"twitter:data1\" content=\"1 minute\" \/>\n<script type=\"application\/ld+json\" class=\"yoast-schema-graph\">{\"@context\":\"https:\\\/\\\/schema.org\",\"@graph\":[{\"@type\":\"WebPage\",\"@id\":\"https:\\\/\\\/igcat.org\\\/fr\\\/team\\\/orazio-bellettini-equateur\\\/\",\"url\":\"https:\\\/\\\/igcat.org\\\/fr\\\/team\\\/orazio-bellettini-equateur\\\/\",\"name\":\"Orazio Bellettini - Equateur - IGCAT\",\"isPartOf\":{\"@id\":\"https:\\\/\\\/igcat.org\\\/fr\\\/#website\"},\"primaryImageOfPage\":{\"@id\":\"https:\\\/\\\/igcat.org\\\/fr\\\/team\\\/orazio-bellettini-equateur\\\/#primaryimage\"},\"image\":{\"@id\":\"https:\\\/\\\/igcat.org\\\/fr\\\/team\\\/orazio-bellettini-equateur\\\/#primaryimage\"},\"thumbnailUrl\":\"https:\\\/\\\/igcat.org\\\/wp-content\\\/uploads\\\/2023\\\/07\\\/Orazio-Bellettini_Website-1.png\",\"datePublished\":\"2023-07-18T04:23:17+00:00\",\"description\":\"Orazio Bellettini Cede\u00f1o est un expert de l\u2019IGCAT de l\u2019\u00c9quateur, entrepreneur social et cofondateur de l\u2019organisation de la soci\u00e9t\u00e9 civile FUEGOS \u00e0 Manab\u00ed.\",\"breadcrumb\":{\"@id\":\"https:\\\/\\\/igcat.org\\\/fr\\\/team\\\/orazio-bellettini-equateur\\\/#breadcrumb\"},\"inLanguage\":\"fr-FR\",\"potentialAction\":[{\"@type\":\"ReadAction\",\"target\":[\"https:\\\/\\\/igcat.org\\\/fr\\\/team\\\/orazio-bellettini-equateur\\\/\"]}]},{\"@type\":\"ImageObject\",\"inLanguage\":\"fr-FR\",\"@id\":\"https:\\\/\\\/igcat.org\\\/fr\\\/team\\\/orazio-bellettini-equateur\\\/#primaryimage\",\"url\":\"https:\\\/\\\/igcat.org\\\/wp-content\\\/uploads\\\/2023\\\/07\\\/Orazio-Bellettini_Website-1.png\",\"contentUrl\":\"https:\\\/\\\/igcat.org\\\/wp-content\\\/uploads\\\/2023\\\/07\\\/Orazio-Bellettini_Website-1.png\",\"width\":264,\"height\":264},{\"@type\":\"BreadcrumbList\",\"@id\":\"https:\\\/\\\/igcat.org\\\/fr\\\/team\\\/orazio-bellettini-equateur\\\/#breadcrumb\",\"itemListElement\":[{\"@type\":\"ListItem\",\"position\":1,\"name\":\"Home\",\"item\":\"https:\\\/\\\/igcat.org\\\/fr\\\/\"},{\"@type\":\"ListItem\",\"position\":2,\"name\":\"Team\",\"item\":\"https:\\\/\\\/igcat.org\\\/fr\\\/team\\\/\"},{\"@type\":\"ListItem\",\"position\":3,\"name\":\"Orazio Bellettini &#8211; Equateur\"}]},{\"@type\":\"WebSite\",\"@id\":\"https:\\\/\\\/igcat.org\\\/fr\\\/#website\",\"url\":\"https:\\\/\\\/igcat.org\\\/fr\\\/\",\"name\":\"IGCAT - International Institute of Gastronomy, Culture, Arts and Tourism\",\"description\":\"International Institute of Gastronomy, Culture, Arts and Tourism\",\"publisher\":{\"@id\":\"https:\\\/\\\/igcat.org\\\/fr\\\/#organization\"},\"alternateName\":\"IGCAT\",\"potentialAction\":[{\"@type\":\"SearchAction\",\"target\":{\"@type\":\"EntryPoint\",\"urlTemplate\":\"https:\\\/\\\/igcat.org\\\/fr\\\/?s={search_term_string}\"},\"query-input\":{\"@type\":\"PropertyValueSpecification\",\"valueRequired\":true,\"valueName\":\"search_term_string\"}}],\"inLanguage\":\"fr-FR\"},{\"@type\":\"Organization\",\"@id\":\"https:\\\/\\\/igcat.org\\\/fr\\\/#organization\",\"name\":\"IGCAT\",\"alternateName\":\"IGCAT\",\"url\":\"https:\\\/\\\/igcat.org\\\/fr\\\/\",\"logo\":{\"@type\":\"ImageObject\",\"inLanguage\":\"fr-FR\",\"@id\":\"https:\\\/\\\/igcat.org\\\/fr\\\/#\\\/schema\\\/logo\\\/image\\\/\",\"url\":\"https:\\\/\\\/igcat.org\\\/wp-content\\\/uploads\\\/2016\\\/02\\\/main_logo.png\",\"contentUrl\":\"https:\\\/\\\/igcat.org\\\/wp-content\\\/uploads\\\/2016\\\/02\\\/main_logo.png\",\"width\":620,\"height\":228,\"caption\":\"IGCAT\"},\"image\":{\"@id\":\"https:\\\/\\\/igcat.org\\\/fr\\\/#\\\/schema\\\/logo\\\/image\\\/\"},\"sameAs\":[\"https:\\\/\\\/www.facebook.com\\\/WorldRegionofGastronomy\",\"https:\\\/\\\/www.instagram.com\\\/igcat_org\\\/\",\"https:\\\/\\\/www.linkedin.com\\\/company\\\/igcat-international-institute-of-gastronomy-arts-and-tourism\\\/\",\"https:\\\/\\\/www.youtube.com\\\/channel\\\/UCL1xbT3vRbZh3bj-d0_0Vlg\"]}]}<\/script>\n<!-- \/ Yoast SEO plugin. -->","yoast_head_json":{"title":"Orazio Bellettini - Equateur - IGCAT","description":"Orazio Bellettini Cede\u00f1o est un expert de l\u2019IGCAT de l\u2019\u00c9quateur, entrepreneur social et cofondateur de l\u2019organisation de la soci\u00e9t\u00e9 civile FUEGOS \u00e0 Manab\u00ed.","robots":{"index":"index","follow":"follow","max-snippet":"max-snippet:-1","max-image-preview":"max-image-preview:large","max-video-preview":"max-video-preview:-1"},"canonical":"https:\/\/igcat.org\/fr\/team\/orazio-bellettini-equateur\/","og_locale":"fr_FR","og_type":"article","og_title":"Orazio Bellettini - Equateur - IGCAT","og_description":"Orazio Bellettini Cede\u00f1o est un expert de l\u2019IGCAT de l\u2019\u00c9quateur, entrepreneur social et cofondateur de l\u2019organisation de la soci\u00e9t\u00e9 civile FUEGOS \u00e0 Manab\u00ed.","og_url":"https:\/\/igcat.org\/fr\/team\/orazio-bellettini-equateur\/","og_site_name":"IGCAT - International Institute of Gastronomy, Culture, Arts and Tourism","article_publisher":"https:\/\/www.facebook.com\/WorldRegionofGastronomy","og_image":[{"width":264,"height":264,"url":"https:\/\/igcat.org\/wp-content\/uploads\/2023\/07\/Orazio-Bellettini_Website-1.png","type":"image\/png"}],"twitter_card":"summary_large_image","twitter_misc":{"Dur\u00e9e de lecture estim\u00e9e":"1 minute"},"schema":{"@context":"https:\/\/schema.org","@graph":[{"@type":"WebPage","@id":"https:\/\/igcat.org\/fr\/team\/orazio-bellettini-equateur\/","url":"https:\/\/igcat.org\/fr\/team\/orazio-bellettini-equateur\/","name":"Orazio Bellettini - Equateur - IGCAT","isPartOf":{"@id":"https:\/\/igcat.org\/fr\/#website"},"primaryImageOfPage":{"@id":"https:\/\/igcat.org\/fr\/team\/orazio-bellettini-equateur\/#primaryimage"},"image":{"@id":"https:\/\/igcat.org\/fr\/team\/orazio-bellettini-equateur\/#primaryimage"},"thumbnailUrl":"https:\/\/igcat.org\/wp-content\/uploads\/2023\/07\/Orazio-Bellettini_Website-1.png","datePublished":"2023-07-18T04:23:17+00:00","description":"Orazio Bellettini Cede\u00f1o est un expert de l\u2019IGCAT de l\u2019\u00c9quateur, entrepreneur social et cofondateur de l\u2019organisation de la soci\u00e9t\u00e9 civile FUEGOS \u00e0 Manab\u00ed.","breadcrumb":{"@id":"https:\/\/igcat.org\/fr\/team\/orazio-bellettini-equateur\/#breadcrumb"},"inLanguage":"fr-FR","potentialAction":[{"@type":"ReadAction","target":["https:\/\/igcat.org\/fr\/team\/orazio-bellettini-equateur\/"]}]},{"@type":"ImageObject","inLanguage":"fr-FR","@id":"https:\/\/igcat.org\/fr\/team\/orazio-bellettini-equateur\/#primaryimage","url":"https:\/\/igcat.org\/wp-content\/uploads\/2023\/07\/Orazio-Bellettini_Website-1.png","contentUrl":"https:\/\/igcat.org\/wp-content\/uploads\/2023\/07\/Orazio-Bellettini_Website-1.png","width":264,"height":264},{"@type":"BreadcrumbList","@id":"https:\/\/igcat.org\/fr\/team\/orazio-bellettini-equateur\/#breadcrumb","itemListElement":[{"@type":"ListItem","position":1,"name":"Home","item":"https:\/\/igcat.org\/fr\/"},{"@type":"ListItem","position":2,"name":"Team","item":"https:\/\/igcat.org\/fr\/team\/"},{"@type":"ListItem","position":3,"name":"Orazio Bellettini &#8211; Equateur"}]},{"@type":"WebSite","@id":"https:\/\/igcat.org\/fr\/#website","url":"https:\/\/igcat.org\/fr\/","name":"IGCAT - International Institute of Gastronomy, Culture, Arts and Tourism","description":"International Institute of Gastronomy, Culture, Arts and Tourism","publisher":{"@id":"https:\/\/igcat.org\/fr\/#organization"},"alternateName":"IGCAT","potentialAction":[{"@type":"SearchAction","target":{"@type":"EntryPoint","urlTemplate":"https:\/\/igcat.org\/fr\/?s={search_term_string}"},"query-input":{"@type":"PropertyValueSpecification","valueRequired":true,"valueName":"search_term_string"}}],"inLanguage":"fr-FR"},{"@type":"Organization","@id":"https:\/\/igcat.org\/fr\/#organization","name":"IGCAT","alternateName":"IGCAT","url":"https:\/\/igcat.org\/fr\/","logo":{"@type":"ImageObject","inLanguage":"fr-FR","@id":"https:\/\/igcat.org\/fr\/#\/schema\/logo\/image\/","url":"https:\/\/igcat.org\/wp-content\/uploads\/2016\/02\/main_logo.png","contentUrl":"https:\/\/igcat.org\/wp-content\/uploads\/2016\/02\/main_logo.png","width":620,"height":228,"caption":"IGCAT"},"image":{"@id":"https:\/\/igcat.org\/fr\/#\/schema\/logo\/image\/"},"sameAs":["https:\/\/www.facebook.com\/WorldRegionofGastronomy","https:\/\/www.instagram.com\/igcat_org\/","https:\/\/www.linkedin.com\/company\/igcat-international-institute-of-gastronomy-arts-and-tourism\/","https:\/\/www.youtube.com\/channel\/UCL1xbT3vRbZh3bj-d0_0Vlg"]}]}},"_links":{"self":[{"href":"https:\/\/igcat.org\/fr\/wp-json\/wp\/v2\/team\/28765","targetHints":{"allow":["GET"]}}],"collection":[{"href":"https:\/\/igcat.org\/fr\/wp-json\/wp\/v2\/team"}],"about":[{"href":"https:\/\/igcat.org\/fr\/wp-json\/wp\/v2\/types\/team"}],"version-history":[{"count":0,"href":"https:\/\/igcat.org\/fr\/wp-json\/wp\/v2\/team\/28765\/revisions"}],"wp:featuredmedia":[{"embeddable":true,"href":"https:\/\/igcat.org\/fr\/wp-json\/wp\/v2\/media\/28775"}],"wp:attachment":[{"href":"https:\/\/igcat.org\/fr\/wp-json\/wp\/v2\/media?parent=28765"}],"wp:term":[{"taxonomy":"team_group","embeddable":true,"href":"https:\/\/igcat.org\/fr\/wp-json\/wp\/v2\/team_group?post=28765"}],"curies":[{"name":"wp","href":"https:\/\/api.w.org\/{rel}","templated":true}]}}

<h3>Orazio Bellettini Cedeño</h3>
<p><strong>Entrepreneur social, cofondateur et directeur exécutif de FUEGOS</strong></p>
<p>Orazio est un entrepreneur social avec une expérience dans la promotion de processus de développement durable multisectoriels et a été incorporé en tant qu’expert IGCAT (Institut international de la gastronomie, de la culture, des arts et du tourisme) en 2023. Il est diplômé de l’Escuela Agrícola Panamericana, au Honduras, où il a obtenu un diplôme d’ingénieur en économie agricole, de l’Université pontificale catholique de l’Équateur-PUCE avec une maîtrise en sciences politiques et en administration des affaires, ainsi que de la Harvard Kennedy School avec une maîtrise en administration publique et politique publique.</p>
<p>Orazio a conseillé des agences internationales, des organisations de la société civile et des gouvernements au Mexique, au Guatemala, au Pérou, en Espagne et au Paraguay sur des questions liées au rôle de la connaissance dans le processus politique, l’éducation, le changement social et la transition vers des systèmes agroalimentaires plus durables. Orazio a reçu le titre de Ashoka and Avina Fellow en 2008 et celui de Rockefeller Foundation Fellow en 2013.</p>
<p>En 2017, Orazio a cofondé <a href="https://www.fuegosec.org/" target="_blank" rel="noopener">FUEGOS</a> , une organisation de la société civile qui cherche à faire de l’alimentation un catalyseur de la transformation sociale de Manabí, de l’Équateur et de l’Amérique latine.</p>
<p><a href="https://www.linkedin.com/in/oraziobellettinicedeno/?originalSubdomain=ec" target="_blank" rel="noopener">LinkedIn (en anglais seulement)</a></p>

<p>Orazio Bellettini Cedeño est un entrepreneur social, co-fondateur et directeur exécutif de la société civile FUEGOS&#8230;</p>

<!-- This site is optimized with the Yoast SEO plugin v27.3 - https://yoast.com/product/yoast-seo-wordpress/ -->
<title>Orazio Bellettini - Equateur - IGCAT</title>
<meta name="description" content="Orazio Bellettini Cedeño est un expert de l’IGCAT de l’Équateur, entrepreneur social et cofondateur de l’organisation de la société civile FUEGOS à Manabí." />
<meta name="robots" content="index, follow, max-snippet:-1, max-image-preview:large, max-video-preview:-1" />
<link rel="canonical" href="https://igcat.org/fr/team/orazio-bellettini-equateur/" />
<meta property="og:locale" content="fr_FR" />
<meta property="og:type" content="article" />
<meta property="og:title" content="Orazio Bellettini - Equateur - IGCAT" />
<meta property="og:description" content="Orazio Bellettini Cedeño est un expert de l’IGCAT de l’Équateur, entrepreneur social et cofondateur de l’organisation de la société civile FUEGOS à Manabí." />
<meta property="og:url" content="https://igcat.org/fr/team/orazio-bellettini-equateur/" />
<meta property="og:site_name" content="IGCAT - International Institute of Gastronomy, Culture, Arts and Tourism" />
<meta property="article:publisher" content="https://www.facebook.com/WorldRegionofGastronomy" />
<meta property="og:image" content="https://igcat.org/wp-content/uploads/2023/07/Orazio-Bellettini_Website-1.png" />
	<meta property="og:image:width" content="264" />
	<meta property="og:image:height" content="264" />
	<meta property="og:image:type" content="image/png" />
<meta name="twitter:card" content="summary_large_image" />
<meta name="twitter:label1" content="Durée de lecture estimée" />
	<meta name="twitter:data1" content="1 minute" />
<script type="application/ld+json" class="yoast-schema-graph">{"@context":"https:\/\/schema.org","@graph":[{"@type":"WebPage","@id":"https:\/\/igcat.org\/fr\/team\/orazio-bellettini-equateur\/","url":"https:\/\/igcat.org\/fr\/team\/orazio-bellettini-equateur\/","name":"Orazio Bellettini - Equateur - IGCAT","isPartOf":{"@id":"https:\/\/igcat.org\/fr\/#website"},"primaryImageOfPage":{"@id":"https:\/\/igcat.org\/fr\/team\/orazio-bellettini-equateur\/#primaryimage"},"image":{"@id":"https:\/\/igcat.org\/fr\/team\/orazio-bellettini-equateur\/#primaryimage"},"thumbnailUrl":"https:\/\/igcat.org\/wp-content\/uploads\/2023\/07\/Orazio-Bellettini_Website-1.png","datePublished":"2023-07-18T04:23:17+00:00","description":"Orazio Bellettini Cedeño est un expert de l’IGCAT de l’Équateur, entrepreneur social et cofondateur de l’organisation de la société civile FUEGOS à Manabí.","breadcrumb":{"@id":"https:\/\/igcat.org\/fr\/team\/orazio-bellettini-equateur\/#breadcrumb"},"inLanguage":"fr-FR","potentialAction":[{"@type":"ReadAction","target":["https:\/\/igcat.org\/fr\/team\/orazio-bellettini-equateur\/"]}]},{"@type":"ImageObject","inLanguage":"fr-FR","@id":"https:\/\/igcat.org\/fr\/team\/orazio-bellettini-equateur\/#primaryimage","url":"https:\/\/igcat.org\/wp-content\/uploads\/2023\/07\/Orazio-Bellettini_Website-1.png","contentUrl":"https:\/\/igcat.org\/wp-content\/uploads\/2023\/07\/Orazio-Bellettini_Website-1.png","width":264,"height":264},{"@type":"BreadcrumbList","@id":"https:\/\/igcat.org\/fr\/team\/orazio-bellettini-equateur\/#breadcrumb","itemListElement":[{"@type":"ListItem","position":1,"name":"Home","item":"https:\/\/igcat.org\/fr\/"},{"@type":"ListItem","position":2,"name":"Team","item":"https:\/\/igcat.org\/fr\/team\/"},{"@type":"ListItem","position":3,"name":"Orazio Bellettini &#8211; Equateur"}]},{"@type":"WebSite","@id":"https:\/\/igcat.org\/fr\/#website","url":"https:\/\/igcat.org\/fr\/","name":"IGCAT - International Institute of Gastronomy, Culture, Arts and Tourism","description":"International Institute of Gastronomy, Culture, Arts and Tourism","publisher":{"@id":"https:\/\/igcat.org\/fr\/#organization"},"alternateName":"IGCAT","potentialAction":[{"@type":"SearchAction","target":{"@type":"EntryPoint","urlTemplate":"https:\/\/igcat.org\/fr\/?s={search_term_string}"},"query-input":{"@type":"PropertyValueSpecification","valueRequired":true,"valueName":"search_term_string"}}],"inLanguage":"fr-FR"},{"@type":"Organization","@id":"https:\/\/igcat.org\/fr\/#organization","name":"IGCAT","alternateName":"IGCAT","url":"https:\/\/igcat.org\/fr\/","logo":{"@type":"ImageObject","inLanguage":"fr-FR","@id":"https:\/\/igcat.org\/fr\/#\/schema\/logo\/image\/","url":"https:\/\/igcat.org\/wp-content\/uploads\/2016\/02\/main_logo.png","contentUrl":"https:\/\/igcat.org\/wp-content\/uploads\/2016\/02\/main_logo.png","width":620,"height":228,"caption":"IGCAT"},"image":{"@id":"https:\/\/igcat.org\/fr\/#\/schema\/logo\/image\/"},"sameAs":["https:\/\/www.facebook.com\/WorldRegionofGastronomy","https:\/\/www.instagram.com\/igcat_org\/","https:\/\/www.linkedin.com\/company\/igcat-international-institute-of-gastronomy-arts-and-tourism\/","https:\/\/www.youtube.com\/channel\/UCL1xbT3vRbZh3bj-d0_0Vlg"]}]}</script>
<!-- / Yoast SEO plugin. -->

Orazio Bellettini Cedeño est un expert de l’IGCAT de l’Équateur, entrepreneur social et cofondateur de l’organisation de la société civile FUEGOS à Manabí.
