{"id":28732,"date":"2022-08-23T09:22:03","date_gmt":"2022-08-23T07:22:03","guid":{"rendered":"https:\/\/igcat.org\/team\/ines-olympe-mercadal-france\/"},"modified":"2022-08-23T09:22:03","modified_gmt":"2022-08-23T07:22:03","slug":"ines-olympe-mercadal-france","status":"publish","type":"team","link":"https:\/\/igcat.org\/fr\/team\/ines-olympe-mercadal-france\/","title":{"rendered":"In\u00e9s-Olympe Mercadal &#8211; France"},"content":{"rendered":"<h3>In\u00e9s-Olympe Mercadal<\/h3>\n<p><strong>Directeur de cr\u00e9ation, Architecte d\u2019int\u00e9rieur, Cr\u00e9ateur de mode<\/strong><\/p>\n<p>In\u00e8s-Olympe Mercadal est la cr\u00e9atrice de la marque qui porte son nom et propose de la maroquinerie, des fourrures et des v\u00eatements en cuir fabriqu\u00e9s \u00e0 la main \u00e0 Paris. Apr\u00e8s des \u00e9tudes de lettres \u00e0 la Sorbonne, elle d\u00e9veloppe sa carri\u00e8re artistique dans la peinture, l\u2019\u00e9criture, le design et le chant.<\/p>\n","protected":false},"excerpt":{"rendered":"<p>Directrice de cr\u00e9ation, architecte d\u2019int\u00e9rieur, cr\u00e9atrice de mode In\u00e8s-Olympe Mercadal est la cr\u00e9atrice de&#8230;<\/p>\n","protected":false},"featured_media":28737,"template":"","team_group":[2083],"class_list":["post-28732","team","type-team","status-publish","has-post-thumbnail","hentry","team_group-jury-for-the-world-food-gift-challenge-2022"],"yoast_head":"<!-- This site is optimized with the Yoast SEO plugin v27.3 - https:\/\/yoast.com\/product\/yoast-seo-wordpress\/ -->\n<title>In\u00e9s-Olympe Mercadal - France - IGCAT<\/title>\n<meta name=\"description\" content=\"Directeur de la cr\u00e9ation, architecte d\u2019int\u00e9rieur et cr\u00e9ateur de mode de la marque In\u00e9s-Olympe Mercadal \u00e0 Paris. Elle est \u00e9galement \u00e9crivaine, peintre et chanteuse.\" \/>\n<meta name=\"robots\" content=\"index, follow, max-snippet:-1, max-image-preview:large, max-video-preview:-1\" \/>\n<link rel=\"canonical\" href=\"https:\/\/igcat.org\/fr\/team\/ines-olympe-mercadal-france\/\" \/>\n<meta property=\"og:locale\" content=\"fr_FR\" \/>\n<meta property=\"og:type\" content=\"article\" \/>\n<meta property=\"og:title\" content=\"In\u00e9s-Olympe Mercadal - France - IGCAT\" \/>\n<meta property=\"og:description\" content=\"Directeur de la cr\u00e9ation, architecte d\u2019int\u00e9rieur et cr\u00e9ateur de mode de la marque In\u00e9s-Olympe Mercadal \u00e0 Paris. Elle est \u00e9galement \u00e9crivaine, peintre et chanteuse.\" \/>\n<meta property=\"og:url\" content=\"https:\/\/igcat.org\/fr\/team\/ines-olympe-mercadal-france\/\" \/>\n<meta property=\"og:site_name\" content=\"IGCAT - International Institute of Gastronomy, Culture, Arts and Tourism\" \/>\n<meta property=\"article:publisher\" content=\"https:\/\/www.facebook.com\/WorldRegionofGastronomy\" \/>\n<meta property=\"og:image\" content=\"https:\/\/igcat.org\/wp-content\/uploads\/2022\/08\/Ines-Olympe-Mercadal-1.png\" \/>\n\t<meta property=\"og:image:width\" content=\"264\" \/>\n\t<meta property=\"og:image:height\" content=\"264\" \/>\n\t<meta property=\"og:image:type\" content=\"image\/png\" \/>\n<meta name=\"twitter:card\" content=\"summary_large_image\" \/>\n<script type=\"application\/ld+json\" class=\"yoast-schema-graph\">{\"@context\":\"https:\\\/\\\/schema.org\",\"@graph\":[{\"@type\":\"WebPage\",\"@id\":\"https:\\\/\\\/igcat.org\\\/fr\\\/team\\\/ines-olympe-mercadal-france\\\/\",\"url\":\"https:\\\/\\\/igcat.org\\\/fr\\\/team\\\/ines-olympe-mercadal-france\\\/\",\"name\":\"In\u00e9s-Olympe Mercadal - France - IGCAT\",\"isPartOf\":{\"@id\":\"https:\\\/\\\/igcat.org\\\/fr\\\/#website\"},\"primaryImageOfPage\":{\"@id\":\"https:\\\/\\\/igcat.org\\\/fr\\\/team\\\/ines-olympe-mercadal-france\\\/#primaryimage\"},\"image\":{\"@id\":\"https:\\\/\\\/igcat.org\\\/fr\\\/team\\\/ines-olympe-mercadal-france\\\/#primaryimage\"},\"thumbnailUrl\":\"https:\\\/\\\/igcat.org\\\/wp-content\\\/uploads\\\/2022\\\/08\\\/Ines-Olympe-Mercadal-1.png\",\"datePublished\":\"2022-08-23T07:22:03+00:00\",\"description\":\"Directeur de la cr\u00e9ation, architecte d\u2019int\u00e9rieur et cr\u00e9ateur de mode de la marque In\u00e9s-Olympe Mercadal \u00e0 Paris. Elle est \u00e9galement \u00e9crivaine, peintre et chanteuse.\",\"breadcrumb\":{\"@id\":\"https:\\\/\\\/igcat.org\\\/fr\\\/team\\\/ines-olympe-mercadal-france\\\/#breadcrumb\"},\"inLanguage\":\"fr-FR\",\"potentialAction\":[{\"@type\":\"ReadAction\",\"target\":[\"https:\\\/\\\/igcat.org\\\/fr\\\/team\\\/ines-olympe-mercadal-france\\\/\"]}]},{\"@type\":\"ImageObject\",\"inLanguage\":\"fr-FR\",\"@id\":\"https:\\\/\\\/igcat.org\\\/fr\\\/team\\\/ines-olympe-mercadal-france\\\/#primaryimage\",\"url\":\"https:\\\/\\\/igcat.org\\\/wp-content\\\/uploads\\\/2022\\\/08\\\/Ines-Olympe-Mercadal-1.png\",\"contentUrl\":\"https:\\\/\\\/igcat.org\\\/wp-content\\\/uploads\\\/2022\\\/08\\\/Ines-Olympe-Mercadal-1.png\",\"width\":264,\"height\":264},{\"@type\":\"BreadcrumbList\",\"@id\":\"https:\\\/\\\/igcat.org\\\/fr\\\/team\\\/ines-olympe-mercadal-france\\\/#breadcrumb\",\"itemListElement\":[{\"@type\":\"ListItem\",\"position\":1,\"name\":\"Home\",\"item\":\"https:\\\/\\\/igcat.org\\\/fr\\\/\"},{\"@type\":\"ListItem\",\"position\":2,\"name\":\"Team\",\"item\":\"https:\\\/\\\/igcat.org\\\/fr\\\/team\\\/\"},{\"@type\":\"ListItem\",\"position\":3,\"name\":\"In\u00e9s-Olympe Mercadal &#8211; France\"}]},{\"@type\":\"WebSite\",\"@id\":\"https:\\\/\\\/igcat.org\\\/fr\\\/#website\",\"url\":\"https:\\\/\\\/igcat.org\\\/fr\\\/\",\"name\":\"IGCAT - International Institute of Gastronomy, Culture, Arts and Tourism\",\"description\":\"International Institute of Gastronomy, Culture, Arts and Tourism\",\"publisher\":{\"@id\":\"https:\\\/\\\/igcat.org\\\/fr\\\/#organization\"},\"alternateName\":\"IGCAT\",\"potentialAction\":[{\"@type\":\"SearchAction\",\"target\":{\"@type\":\"EntryPoint\",\"urlTemplate\":\"https:\\\/\\\/igcat.org\\\/fr\\\/?s={search_term_string}\"},\"query-input\":{\"@type\":\"PropertyValueSpecification\",\"valueRequired\":true,\"valueName\":\"search_term_string\"}}],\"inLanguage\":\"fr-FR\"},{\"@type\":\"Organization\",\"@id\":\"https:\\\/\\\/igcat.org\\\/fr\\\/#organization\",\"name\":\"IGCAT\",\"alternateName\":\"IGCAT\",\"url\":\"https:\\\/\\\/igcat.org\\\/fr\\\/\",\"logo\":{\"@type\":\"ImageObject\",\"inLanguage\":\"fr-FR\",\"@id\":\"https:\\\/\\\/igcat.org\\\/fr\\\/#\\\/schema\\\/logo\\\/image\\\/\",\"url\":\"https:\\\/\\\/igcat.org\\\/wp-content\\\/uploads\\\/2016\\\/02\\\/main_logo.png\",\"contentUrl\":\"https:\\\/\\\/igcat.org\\\/wp-content\\\/uploads\\\/2016\\\/02\\\/main_logo.png\",\"width\":620,\"height\":228,\"caption\":\"IGCAT\"},\"image\":{\"@id\":\"https:\\\/\\\/igcat.org\\\/fr\\\/#\\\/schema\\\/logo\\\/image\\\/\"},\"sameAs\":[\"https:\\\/\\\/www.facebook.com\\\/WorldRegionofGastronomy\",\"https:\\\/\\\/www.instagram.com\\\/igcat_org\\\/\",\"https:\\\/\\\/www.linkedin.com\\\/company\\\/igcat-international-institute-of-gastronomy-arts-and-tourism\\\/\",\"https:\\\/\\\/www.youtube.com\\\/channel\\\/UCL1xbT3vRbZh3bj-d0_0Vlg\"]}]}<\/script>\n<!-- \/ Yoast SEO plugin. -->","yoast_head_json":{"title":"In\u00e9s-Olympe Mercadal - France - IGCAT","description":"Directeur de la cr\u00e9ation, architecte d\u2019int\u00e9rieur et cr\u00e9ateur de mode de la marque In\u00e9s-Olympe Mercadal \u00e0 Paris. Elle est \u00e9galement \u00e9crivaine, peintre et chanteuse.","robots":{"index":"index","follow":"follow","max-snippet":"max-snippet:-1","max-image-preview":"max-image-preview:large","max-video-preview":"max-video-preview:-1"},"canonical":"https:\/\/igcat.org\/fr\/team\/ines-olympe-mercadal-france\/","og_locale":"fr_FR","og_type":"article","og_title":"In\u00e9s-Olympe Mercadal - France - IGCAT","og_description":"Directeur de la cr\u00e9ation, architecte d\u2019int\u00e9rieur et cr\u00e9ateur de mode de la marque In\u00e9s-Olympe Mercadal \u00e0 Paris. Elle est \u00e9galement \u00e9crivaine, peintre et chanteuse.","og_url":"https:\/\/igcat.org\/fr\/team\/ines-olympe-mercadal-france\/","og_site_name":"IGCAT - International Institute of Gastronomy, Culture, Arts and Tourism","article_publisher":"https:\/\/www.facebook.com\/WorldRegionofGastronomy","og_image":[{"width":264,"height":264,"url":"https:\/\/igcat.org\/wp-content\/uploads\/2022\/08\/Ines-Olympe-Mercadal-1.png","type":"image\/png"}],"twitter_card":"summary_large_image","schema":{"@context":"https:\/\/schema.org","@graph":[{"@type":"WebPage","@id":"https:\/\/igcat.org\/fr\/team\/ines-olympe-mercadal-france\/","url":"https:\/\/igcat.org\/fr\/team\/ines-olympe-mercadal-france\/","name":"In\u00e9s-Olympe Mercadal - France - IGCAT","isPartOf":{"@id":"https:\/\/igcat.org\/fr\/#website"},"primaryImageOfPage":{"@id":"https:\/\/igcat.org\/fr\/team\/ines-olympe-mercadal-france\/#primaryimage"},"image":{"@id":"https:\/\/igcat.org\/fr\/team\/ines-olympe-mercadal-france\/#primaryimage"},"thumbnailUrl":"https:\/\/igcat.org\/wp-content\/uploads\/2022\/08\/Ines-Olympe-Mercadal-1.png","datePublished":"2022-08-23T07:22:03+00:00","description":"Directeur de la cr\u00e9ation, architecte d\u2019int\u00e9rieur et cr\u00e9ateur de mode de la marque In\u00e9s-Olympe Mercadal \u00e0 Paris. Elle est \u00e9galement \u00e9crivaine, peintre et chanteuse.","breadcrumb":{"@id":"https:\/\/igcat.org\/fr\/team\/ines-olympe-mercadal-france\/#breadcrumb"},"inLanguage":"fr-FR","potentialAction":[{"@type":"ReadAction","target":["https:\/\/igcat.org\/fr\/team\/ines-olympe-mercadal-france\/"]}]},{"@type":"ImageObject","inLanguage":"fr-FR","@id":"https:\/\/igcat.org\/fr\/team\/ines-olympe-mercadal-france\/#primaryimage","url":"https:\/\/igcat.org\/wp-content\/uploads\/2022\/08\/Ines-Olympe-Mercadal-1.png","contentUrl":"https:\/\/igcat.org\/wp-content\/uploads\/2022\/08\/Ines-Olympe-Mercadal-1.png","width":264,"height":264},{"@type":"BreadcrumbList","@id":"https:\/\/igcat.org\/fr\/team\/ines-olympe-mercadal-france\/#breadcrumb","itemListElement":[{"@type":"ListItem","position":1,"name":"Home","item":"https:\/\/igcat.org\/fr\/"},{"@type":"ListItem","position":2,"name":"Team","item":"https:\/\/igcat.org\/fr\/team\/"},{"@type":"ListItem","position":3,"name":"In\u00e9s-Olympe Mercadal &#8211; France"}]},{"@type":"WebSite","@id":"https:\/\/igcat.org\/fr\/#website","url":"https:\/\/igcat.org\/fr\/","name":"IGCAT - International Institute of Gastronomy, Culture, Arts and Tourism","description":"International Institute of Gastronomy, Culture, Arts and Tourism","publisher":{"@id":"https:\/\/igcat.org\/fr\/#organization"},"alternateName":"IGCAT","potentialAction":[{"@type":"SearchAction","target":{"@type":"EntryPoint","urlTemplate":"https:\/\/igcat.org\/fr\/?s={search_term_string}"},"query-input":{"@type":"PropertyValueSpecification","valueRequired":true,"valueName":"search_term_string"}}],"inLanguage":"fr-FR"},{"@type":"Organization","@id":"https:\/\/igcat.org\/fr\/#organization","name":"IGCAT","alternateName":"IGCAT","url":"https:\/\/igcat.org\/fr\/","logo":{"@type":"ImageObject","inLanguage":"fr-FR","@id":"https:\/\/igcat.org\/fr\/#\/schema\/logo\/image\/","url":"https:\/\/igcat.org\/wp-content\/uploads\/2016\/02\/main_logo.png","contentUrl":"https:\/\/igcat.org\/wp-content\/uploads\/2016\/02\/main_logo.png","width":620,"height":228,"caption":"IGCAT"},"image":{"@id":"https:\/\/igcat.org\/fr\/#\/schema\/logo\/image\/"},"sameAs":["https:\/\/www.facebook.com\/WorldRegionofGastronomy","https:\/\/www.instagram.com\/igcat_org\/","https:\/\/www.linkedin.com\/company\/igcat-international-institute-of-gastronomy-arts-and-tourism\/","https:\/\/www.youtube.com\/channel\/UCL1xbT3vRbZh3bj-d0_0Vlg"]}]}},"_links":{"self":[{"href":"https:\/\/igcat.org\/fr\/wp-json\/wp\/v2\/team\/28732","targetHints":{"allow":["GET"]}}],"collection":[{"href":"https:\/\/igcat.org\/fr\/wp-json\/wp\/v2\/team"}],"about":[{"href":"https:\/\/igcat.org\/fr\/wp-json\/wp\/v2\/types\/team"}],"version-history":[{"count":0,"href":"https:\/\/igcat.org\/fr\/wp-json\/wp\/v2\/team\/28732\/revisions"}],"wp:featuredmedia":[{"embeddable":true,"href":"https:\/\/igcat.org\/fr\/wp-json\/wp\/v2\/media\/28737"}],"wp:attachment":[{"href":"https:\/\/igcat.org\/fr\/wp-json\/wp\/v2\/media?parent=28732"}],"wp:term":[{"taxonomy":"team_group","embeddable":true,"href":"https:\/\/igcat.org\/fr\/wp-json\/wp\/v2\/team_group?post=28732"}],"curies":[{"name":"wp","href":"https:\/\/api.w.org\/{rel}","templated":true}]}}

Inés-Olympe Mercadal &#8211; France

<h3>Inés-Olympe Mercadal</h3>
<p><strong>Directeur de création, Architecte d’intérieur, Créateur de mode</strong></p>
<p>Inès-Olympe Mercadal est la créatrice de la marque qui porte son nom et propose de la maroquinerie, des fourrures et des vêtements en cuir fabriqués à la main à Paris. Après des études de lettres à la Sorbonne, elle développe sa carrière artistique dans la peinture, l’écriture, le design et le chant.</p>

<p>Directrice de création, architecte d’intérieur, créatrice de mode Inès-Olympe Mercadal est la créatrice de&#8230;</p>

<!-- This site is optimized with the Yoast SEO plugin v27.3 - https://yoast.com/product/yoast-seo-wordpress/ -->
<title>Inés-Olympe Mercadal - France - IGCAT</title>
<meta name="description" content="Directeur de la création, architecte d’intérieur et créateur de mode de la marque Inés-Olympe Mercadal à Paris. Elle est également écrivaine, peintre et chanteuse." />
<meta name="robots" content="index, follow, max-snippet:-1, max-image-preview:large, max-video-preview:-1" />
<link rel="canonical" href="https://igcat.org/fr/team/ines-olympe-mercadal-france/" />
<meta property="og:locale" content="fr_FR" />
<meta property="og:type" content="article" />
<meta property="og:title" content="Inés-Olympe Mercadal - France - IGCAT" />
<meta property="og:description" content="Directeur de la création, architecte d’intérieur et créateur de mode de la marque Inés-Olympe Mercadal à Paris. Elle est également écrivaine, peintre et chanteuse." />
<meta property="og:url" content="https://igcat.org/fr/team/ines-olympe-mercadal-france/" />
<meta property="og:site_name" content="IGCAT - International Institute of Gastronomy, Culture, Arts and Tourism" />
<meta property="article:publisher" content="https://www.facebook.com/WorldRegionofGastronomy" />
<meta property="og:image" content="https://igcat.org/wp-content/uploads/2022/08/Ines-Olympe-Mercadal-1.png" />
	<meta property="og:image:width" content="264" />
	<meta property="og:image:height" content="264" />
	<meta property="og:image:type" content="image/png" />
<meta name="twitter:card" content="summary_large_image" />
<script type="application/ld+json" class="yoast-schema-graph">{"@context":"https:\/\/schema.org","@graph":[{"@type":"WebPage","@id":"https:\/\/igcat.org\/fr\/team\/ines-olympe-mercadal-france\/","url":"https:\/\/igcat.org\/fr\/team\/ines-olympe-mercadal-france\/","name":"Inés-Olympe Mercadal - France - IGCAT","isPartOf":{"@id":"https:\/\/igcat.org\/fr\/#website"},"primaryImageOfPage":{"@id":"https:\/\/igcat.org\/fr\/team\/ines-olympe-mercadal-france\/#primaryimage"},"image":{"@id":"https:\/\/igcat.org\/fr\/team\/ines-olympe-mercadal-france\/#primaryimage"},"thumbnailUrl":"https:\/\/igcat.org\/wp-content\/uploads\/2022\/08\/Ines-Olympe-Mercadal-1.png","datePublished":"2022-08-23T07:22:03+00:00","description":"Directeur de la création, architecte d’intérieur et créateur de mode de la marque Inés-Olympe Mercadal à Paris. Elle est également écrivaine, peintre et chanteuse.","breadcrumb":{"@id":"https:\/\/igcat.org\/fr\/team\/ines-olympe-mercadal-france\/#breadcrumb"},"inLanguage":"fr-FR","potentialAction":[{"@type":"ReadAction","target":["https:\/\/igcat.org\/fr\/team\/ines-olympe-mercadal-france\/"]}]},{"@type":"ImageObject","inLanguage":"fr-FR","@id":"https:\/\/igcat.org\/fr\/team\/ines-olympe-mercadal-france\/#primaryimage","url":"https:\/\/igcat.org\/wp-content\/uploads\/2022\/08\/Ines-Olympe-Mercadal-1.png","contentUrl":"https:\/\/igcat.org\/wp-content\/uploads\/2022\/08\/Ines-Olympe-Mercadal-1.png","width":264,"height":264},{"@type":"BreadcrumbList","@id":"https:\/\/igcat.org\/fr\/team\/ines-olympe-mercadal-france\/#breadcrumb","itemListElement":[{"@type":"ListItem","position":1,"name":"Home","item":"https:\/\/igcat.org\/fr\/"},{"@type":"ListItem","position":2,"name":"Team","item":"https:\/\/igcat.org\/fr\/team\/"},{"@type":"ListItem","position":3,"name":"Inés-Olympe Mercadal &#8211; France"}]},{"@type":"WebSite","@id":"https:\/\/igcat.org\/fr\/#website","url":"https:\/\/igcat.org\/fr\/","name":"IGCAT - International Institute of Gastronomy, Culture, Arts and Tourism","description":"International Institute of Gastronomy, Culture, Arts and Tourism","publisher":{"@id":"https:\/\/igcat.org\/fr\/#organization"},"alternateName":"IGCAT","potentialAction":[{"@type":"SearchAction","target":{"@type":"EntryPoint","urlTemplate":"https:\/\/igcat.org\/fr\/?s={search_term_string}"},"query-input":{"@type":"PropertyValueSpecification","valueRequired":true,"valueName":"search_term_string"}}],"inLanguage":"fr-FR"},{"@type":"Organization","@id":"https:\/\/igcat.org\/fr\/#organization","name":"IGCAT","alternateName":"IGCAT","url":"https:\/\/igcat.org\/fr\/","logo":{"@type":"ImageObject","inLanguage":"fr-FR","@id":"https:\/\/igcat.org\/fr\/#\/schema\/logo\/image\/","url":"https:\/\/igcat.org\/wp-content\/uploads\/2016\/02\/main_logo.png","contentUrl":"https:\/\/igcat.org\/wp-content\/uploads\/2016\/02\/main_logo.png","width":620,"height":228,"caption":"IGCAT"},"image":{"@id":"https:\/\/igcat.org\/fr\/#\/schema\/logo\/image\/"},"sameAs":["https:\/\/www.facebook.com\/WorldRegionofGastronomy","https:\/\/www.instagram.com\/igcat_org\/","https:\/\/www.linkedin.com\/company\/igcat-international-institute-of-gastronomy-arts-and-tourism\/","https:\/\/www.youtube.com\/channel\/UCL1xbT3vRbZh3bj-d0_0Vlg"]}]}</script>
<!-- / Yoast SEO plugin. -->

Inés-Olympe Mercadal - France - IGCAT

Directeur de la création, architecte d’intérieur et créateur de mode de la marque Inés-Olympe Mercadal à Paris. Elle est également écrivaine, peintre et chanteuse.
