{"id":28703,"date":"2019-11-01T19:42:55","date_gmt":"2019-11-01T18:42:55","guid":{"rendered":"https:\/\/igcat.org\/team\/vic-tosseram\/"},"modified":"2019-11-01T19:42:55","modified_gmt":"2019-11-01T18:42:55","slug":"vic-tosseram","status":"publish","type":"team","link":"https:\/\/igcat.org\/fr\/team\/vic-tosseram\/","title":{"rendered":"Vic Tosseram"},"content":{"rendered":"<h3>Vic Tosseram<\/h3>\n<p><strong>Brabant-Septentrional, Pays-Bas<\/strong><\/p>\n<p>\u00ab Je me d\u00e9crirais comme un passionn\u00e9 d\u2019apprentissage de la cuisine qui est toujours \u00e0 la recherche de nouvelles saveurs passionnantes \u00bb, d\u00e9clare Vic Tosseram, le jeune chef finaliste qui a repr\u00e9sent\u00e9 le Brabant-Septentrional, r\u00e9gion europ\u00e9enne de la gastronomie, r\u00e9compens\u00e9 en 2018 lors du European Young Chef Award 2019.<\/p>\n<p>Vic est un \u00e9tudiant de 22 ans en derni\u00e8re ann\u00e9e \u00e0 l\u2019\u00e9cole de cuisine De Rooi Pannen. Au cours de ses \u00e9tudes, il a eu la chance d\u2019\u00e9largir ses connaissances culinaires gr\u00e2ce \u00e0 des exp\u00e9riences d\u2019apprentissage dans diff\u00e9rents restaurants.<\/p>\n<p>Il aime vivre des moments et des saveurs qu\u2019il n\u2019a jamais v\u00e9cus auparavant, car il aime la sensation d\u2019essayer quelque chose de nouveau et de frais.<\/p>\n<p>Int\u00e9ress\u00e9 par la musique et les voyages, Vic est un chef en herbe avec des ambitions tr\u00e8s claires : \u00ab Je veux changer la donne et faire quelque chose d\u2019unique. Je veux inspirer les autres, tout comme les chefs qui m\u2019entourent et ma grand-m\u00e8re. Mon r\u00eave est d\u2019\u00eatre chef \u00e9toil\u00e9 dans un tr\u00e8s bon restaurant. Peut-\u00eatre m\u00eame mon propre restaurant !<\/p>\n","protected":false},"excerpt":{"rendered":"<p>Vic Tosseram Brabant-Septentrional, Pays-Bas \u00ab Je me d\u00e9crirais comme un passionn\u00e9 d\u2019apprentissage de la cuisine qui est toujours \u00e0 la recherche de nouvelles saveurs passionnantes \u00bb, d\u00e9clare Vic Tosseram, le jeune chef finaliste qui a repr\u00e9sent\u00e9 le Brabant-Septentrional, r\u00e9gion europ\u00e9enne de la gastronomie, r\u00e9compens\u00e9 en 2018 lors du European Young Chef Award 2019. Vic est [&hellip;]<\/p>\n","protected":false},"featured_media":28704,"template":"","team_group":[677],"class_list":["post-28703","team","type-team","status-publish","has-post-thumbnail","hentry","team_group-igcat-regional-chef-ambassadors"],"yoast_head":"<!-- This site is optimized with the Yoast SEO plugin v27.3 - https:\/\/yoast.com\/product\/yoast-seo-wordpress\/ -->\n<title>Vic Tosseram - IGCAT<\/title>\n<meta name=\"description\" content=\"Vic Tosseram, originaire du Brabant-Septentrional, a \u00e9t\u00e9 finaliste du Prix europ\u00e9en des jeunes chefs 2019 et est chef ambassadeur r\u00e9gional de l\u2019IGCAT.\" \/>\n<meta name=\"robots\" content=\"index, follow, max-snippet:-1, max-image-preview:large, max-video-preview:-1\" \/>\n<link rel=\"canonical\" href=\"https:\/\/igcat.org\/fr\/team\/vic-tosseram\/\" \/>\n<meta property=\"og:locale\" content=\"fr_FR\" \/>\n<meta property=\"og:type\" content=\"article\" \/>\n<meta property=\"og:title\" content=\"Vic Tosseram - IGCAT\" \/>\n<meta property=\"og:description\" content=\"Vic Tosseram, originaire du Brabant-Septentrional, a \u00e9t\u00e9 finaliste du Prix europ\u00e9en des jeunes chefs 2019 et est chef ambassadeur r\u00e9gional de l\u2019IGCAT.\" \/>\n<meta property=\"og:url\" content=\"https:\/\/igcat.org\/fr\/team\/vic-tosseram\/\" \/>\n<meta property=\"og:site_name\" content=\"IGCAT - International Institute of Gastronomy, Culture, Arts and Tourism\" \/>\n<meta property=\"article:publisher\" content=\"https:\/\/www.facebook.com\/WorldRegionofGastronomy\" \/>\n<meta property=\"og:image\" content=\"https:\/\/igcat.org\/wp-content\/uploads\/2019\/12\/Vic-Tosseram.jpeg\" \/>\n\t<meta property=\"og:image:width\" content=\"264\" \/>\n\t<meta property=\"og:image:height\" content=\"264\" \/>\n\t<meta property=\"og:image:type\" content=\"image\/jpeg\" \/>\n<meta name=\"twitter:card\" content=\"summary_large_image\" \/>\n<meta name=\"twitter:label1\" content=\"Dur\u00e9e de lecture estim\u00e9e\" \/>\n\t<meta name=\"twitter:data1\" content=\"1 minute\" \/>\n<script type=\"application\/ld+json\" class=\"yoast-schema-graph\">{\"@context\":\"https:\\\/\\\/schema.org\",\"@graph\":[{\"@type\":\"WebPage\",\"@id\":\"https:\\\/\\\/igcat.org\\\/fr\\\/team\\\/vic-tosseram\\\/\",\"url\":\"https:\\\/\\\/igcat.org\\\/fr\\\/team\\\/vic-tosseram\\\/\",\"name\":\"Vic Tosseram - IGCAT\",\"isPartOf\":{\"@id\":\"https:\\\/\\\/igcat.org\\\/fr\\\/#website\"},\"primaryImageOfPage\":{\"@id\":\"https:\\\/\\\/igcat.org\\\/fr\\\/team\\\/vic-tosseram\\\/#primaryimage\"},\"image\":{\"@id\":\"https:\\\/\\\/igcat.org\\\/fr\\\/team\\\/vic-tosseram\\\/#primaryimage\"},\"thumbnailUrl\":\"https:\\\/\\\/igcat.org\\\/wp-content\\\/uploads\\\/2019\\\/12\\\/Vic-Tosseram.jpeg\",\"datePublished\":\"2019-11-01T18:42:55+00:00\",\"description\":\"Vic Tosseram, originaire du Brabant-Septentrional, a \u00e9t\u00e9 finaliste du Prix europ\u00e9en des jeunes chefs 2019 et est chef ambassadeur r\u00e9gional de l\u2019IGCAT.\",\"breadcrumb\":{\"@id\":\"https:\\\/\\\/igcat.org\\\/fr\\\/team\\\/vic-tosseram\\\/#breadcrumb\"},\"inLanguage\":\"fr-FR\",\"potentialAction\":[{\"@type\":\"ReadAction\",\"target\":[\"https:\\\/\\\/igcat.org\\\/fr\\\/team\\\/vic-tosseram\\\/\"]}]},{\"@type\":\"ImageObject\",\"inLanguage\":\"fr-FR\",\"@id\":\"https:\\\/\\\/igcat.org\\\/fr\\\/team\\\/vic-tosseram\\\/#primaryimage\",\"url\":\"https:\\\/\\\/igcat.org\\\/wp-content\\\/uploads\\\/2019\\\/12\\\/Vic-Tosseram.jpeg\",\"contentUrl\":\"https:\\\/\\\/igcat.org\\\/wp-content\\\/uploads\\\/2019\\\/12\\\/Vic-Tosseram.jpeg\",\"width\":264,\"height\":264},{\"@type\":\"BreadcrumbList\",\"@id\":\"https:\\\/\\\/igcat.org\\\/fr\\\/team\\\/vic-tosseram\\\/#breadcrumb\",\"itemListElement\":[{\"@type\":\"ListItem\",\"position\":1,\"name\":\"Home\",\"item\":\"https:\\\/\\\/igcat.org\\\/fr\\\/\"},{\"@type\":\"ListItem\",\"position\":2,\"name\":\"Team\",\"item\":\"https:\\\/\\\/igcat.org\\\/fr\\\/team\\\/\"},{\"@type\":\"ListItem\",\"position\":3,\"name\":\"Vic Tosseram\"}]},{\"@type\":\"WebSite\",\"@id\":\"https:\\\/\\\/igcat.org\\\/fr\\\/#website\",\"url\":\"https:\\\/\\\/igcat.org\\\/fr\\\/\",\"name\":\"IGCAT - International Institute of Gastronomy, Culture, Arts and Tourism\",\"description\":\"International Institute of Gastronomy, Culture, Arts and Tourism\",\"publisher\":{\"@id\":\"https:\\\/\\\/igcat.org\\\/fr\\\/#organization\"},\"alternateName\":\"IGCAT\",\"potentialAction\":[{\"@type\":\"SearchAction\",\"target\":{\"@type\":\"EntryPoint\",\"urlTemplate\":\"https:\\\/\\\/igcat.org\\\/fr\\\/?s={search_term_string}\"},\"query-input\":{\"@type\":\"PropertyValueSpecification\",\"valueRequired\":true,\"valueName\":\"search_term_string\"}}],\"inLanguage\":\"fr-FR\"},{\"@type\":\"Organization\",\"@id\":\"https:\\\/\\\/igcat.org\\\/fr\\\/#organization\",\"name\":\"IGCAT\",\"alternateName\":\"IGCAT\",\"url\":\"https:\\\/\\\/igcat.org\\\/fr\\\/\",\"logo\":{\"@type\":\"ImageObject\",\"inLanguage\":\"fr-FR\",\"@id\":\"https:\\\/\\\/igcat.org\\\/fr\\\/#\\\/schema\\\/logo\\\/image\\\/\",\"url\":\"https:\\\/\\\/igcat.org\\\/wp-content\\\/uploads\\\/2016\\\/02\\\/main_logo.png\",\"contentUrl\":\"https:\\\/\\\/igcat.org\\\/wp-content\\\/uploads\\\/2016\\\/02\\\/main_logo.png\",\"width\":620,\"height\":228,\"caption\":\"IGCAT\"},\"image\":{\"@id\":\"https:\\\/\\\/igcat.org\\\/fr\\\/#\\\/schema\\\/logo\\\/image\\\/\"},\"sameAs\":[\"https:\\\/\\\/www.facebook.com\\\/WorldRegionofGastronomy\",\"https:\\\/\\\/www.instagram.com\\\/igcat_org\\\/\",\"https:\\\/\\\/www.linkedin.com\\\/company\\\/igcat-international-institute-of-gastronomy-arts-and-tourism\\\/\",\"https:\\\/\\\/www.youtube.com\\\/channel\\\/UCL1xbT3vRbZh3bj-d0_0Vlg\"]}]}<\/script>\n<!-- \/ Yoast SEO plugin. -->","yoast_head_json":{"title":"Vic Tosseram - IGCAT","description":"Vic Tosseram, originaire du Brabant-Septentrional, a \u00e9t\u00e9 finaliste du Prix europ\u00e9en des jeunes chefs 2019 et est chef ambassadeur r\u00e9gional de l\u2019IGCAT.","robots":{"index":"index","follow":"follow","max-snippet":"max-snippet:-1","max-image-preview":"max-image-preview:large","max-video-preview":"max-video-preview:-1"},"canonical":"https:\/\/igcat.org\/fr\/team\/vic-tosseram\/","og_locale":"fr_FR","og_type":"article","og_title":"Vic Tosseram - IGCAT","og_description":"Vic Tosseram, originaire du Brabant-Septentrional, a \u00e9t\u00e9 finaliste du Prix europ\u00e9en des jeunes chefs 2019 et est chef ambassadeur r\u00e9gional de l\u2019IGCAT.","og_url":"https:\/\/igcat.org\/fr\/team\/vic-tosseram\/","og_site_name":"IGCAT - International Institute of Gastronomy, Culture, Arts and Tourism","article_publisher":"https:\/\/www.facebook.com\/WorldRegionofGastronomy","og_image":[{"width":264,"height":264,"url":"https:\/\/igcat.org\/wp-content\/uploads\/2019\/12\/Vic-Tosseram.jpeg","type":"image\/jpeg"}],"twitter_card":"summary_large_image","twitter_misc":{"Dur\u00e9e de lecture estim\u00e9e":"1 minute"},"schema":{"@context":"https:\/\/schema.org","@graph":[{"@type":"WebPage","@id":"https:\/\/igcat.org\/fr\/team\/vic-tosseram\/","url":"https:\/\/igcat.org\/fr\/team\/vic-tosseram\/","name":"Vic Tosseram - IGCAT","isPartOf":{"@id":"https:\/\/igcat.org\/fr\/#website"},"primaryImageOfPage":{"@id":"https:\/\/igcat.org\/fr\/team\/vic-tosseram\/#primaryimage"},"image":{"@id":"https:\/\/igcat.org\/fr\/team\/vic-tosseram\/#primaryimage"},"thumbnailUrl":"https:\/\/igcat.org\/wp-content\/uploads\/2019\/12\/Vic-Tosseram.jpeg","datePublished":"2019-11-01T18:42:55+00:00","description":"Vic Tosseram, originaire du Brabant-Septentrional, a \u00e9t\u00e9 finaliste du Prix europ\u00e9en des jeunes chefs 2019 et est chef ambassadeur r\u00e9gional de l\u2019IGCAT.","breadcrumb":{"@id":"https:\/\/igcat.org\/fr\/team\/vic-tosseram\/#breadcrumb"},"inLanguage":"fr-FR","potentialAction":[{"@type":"ReadAction","target":["https:\/\/igcat.org\/fr\/team\/vic-tosseram\/"]}]},{"@type":"ImageObject","inLanguage":"fr-FR","@id":"https:\/\/igcat.org\/fr\/team\/vic-tosseram\/#primaryimage","url":"https:\/\/igcat.org\/wp-content\/uploads\/2019\/12\/Vic-Tosseram.jpeg","contentUrl":"https:\/\/igcat.org\/wp-content\/uploads\/2019\/12\/Vic-Tosseram.jpeg","width":264,"height":264},{"@type":"BreadcrumbList","@id":"https:\/\/igcat.org\/fr\/team\/vic-tosseram\/#breadcrumb","itemListElement":[{"@type":"ListItem","position":1,"name":"Home","item":"https:\/\/igcat.org\/fr\/"},{"@type":"ListItem","position":2,"name":"Team","item":"https:\/\/igcat.org\/fr\/team\/"},{"@type":"ListItem","position":3,"name":"Vic Tosseram"}]},{"@type":"WebSite","@id":"https:\/\/igcat.org\/fr\/#website","url":"https:\/\/igcat.org\/fr\/","name":"IGCAT - International Institute of Gastronomy, Culture, Arts and Tourism","description":"International Institute of Gastronomy, Culture, Arts and Tourism","publisher":{"@id":"https:\/\/igcat.org\/fr\/#organization"},"alternateName":"IGCAT","potentialAction":[{"@type":"SearchAction","target":{"@type":"EntryPoint","urlTemplate":"https:\/\/igcat.org\/fr\/?s={search_term_string}"},"query-input":{"@type":"PropertyValueSpecification","valueRequired":true,"valueName":"search_term_string"}}],"inLanguage":"fr-FR"},{"@type":"Organization","@id":"https:\/\/igcat.org\/fr\/#organization","name":"IGCAT","alternateName":"IGCAT","url":"https:\/\/igcat.org\/fr\/","logo":{"@type":"ImageObject","inLanguage":"fr-FR","@id":"https:\/\/igcat.org\/fr\/#\/schema\/logo\/image\/","url":"https:\/\/igcat.org\/wp-content\/uploads\/2016\/02\/main_logo.png","contentUrl":"https:\/\/igcat.org\/wp-content\/uploads\/2016\/02\/main_logo.png","width":620,"height":228,"caption":"IGCAT"},"image":{"@id":"https:\/\/igcat.org\/fr\/#\/schema\/logo\/image\/"},"sameAs":["https:\/\/www.facebook.com\/WorldRegionofGastronomy","https:\/\/www.instagram.com\/igcat_org\/","https:\/\/www.linkedin.com\/company\/igcat-international-institute-of-gastronomy-arts-and-tourism\/","https:\/\/www.youtube.com\/channel\/UCL1xbT3vRbZh3bj-d0_0Vlg"]}]}},"_links":{"self":[{"href":"https:\/\/igcat.org\/fr\/wp-json\/wp\/v2\/team\/28703","targetHints":{"allow":["GET"]}}],"collection":[{"href":"https:\/\/igcat.org\/fr\/wp-json\/wp\/v2\/team"}],"about":[{"href":"https:\/\/igcat.org\/fr\/wp-json\/wp\/v2\/types\/team"}],"version-history":[{"count":0,"href":"https:\/\/igcat.org\/fr\/wp-json\/wp\/v2\/team\/28703\/revisions"}],"wp:featuredmedia":[{"embeddable":true,"href":"https:\/\/igcat.org\/fr\/wp-json\/wp\/v2\/media\/28704"}],"wp:attachment":[{"href":"https:\/\/igcat.org\/fr\/wp-json\/wp\/v2\/media?parent=28703"}],"wp:term":[{"taxonomy":"team_group","embeddable":true,"href":"https:\/\/igcat.org\/fr\/wp-json\/wp\/v2\/team_group?post=28703"}],"curies":[{"name":"wp","href":"https:\/\/api.w.org\/{rel}","templated":true}]}}

<h3>Vic Tosseram</h3>
<p><strong>Brabant-Septentrional, Pays-Bas</strong></p>
<p>« Je me décrirais comme un passionné d’apprentissage de la cuisine qui est toujours à la recherche de nouvelles saveurs passionnantes », déclare Vic Tosseram, le jeune chef finaliste qui a représenté le Brabant-Septentrional, région européenne de la gastronomie, récompensé en 2018 lors du European Young Chef Award 2019.</p>
<p>Vic est un étudiant de 22 ans en dernière année à l’école de cuisine De Rooi Pannen. Au cours de ses études, il a eu la chance d’élargir ses connaissances culinaires grâce à des expériences d’apprentissage dans différents restaurants.</p>
<p>Il aime vivre des moments et des saveurs qu’il n’a jamais vécus auparavant, car il aime la sensation d’essayer quelque chose de nouveau et de frais.</p>
<p>Intéressé par la musique et les voyages, Vic est un chef en herbe avec des ambitions très claires : « Je veux changer la donne et faire quelque chose d’unique. Je veux inspirer les autres, tout comme les chefs qui m’entourent et ma grand-mère. Mon rêve est d’être chef étoilé dans un très bon restaurant. Peut-être même mon propre restaurant !</p>

<p>Vic Tosseram Brabant-Septentrional, Pays-Bas « Je me décrirais comme un passionné d’apprentissage de la cuisine qui est toujours à la recherche de nouvelles saveurs passionnantes », déclare Vic Tosseram, le jeune chef finaliste qui a représenté le Brabant-Septentrional, région européenne de la gastronomie, récompensé en 2018 lors du European Young Chef Award 2019. Vic est [&hellip;]</p>

<!-- This site is optimized with the Yoast SEO plugin v27.3 - https://yoast.com/product/yoast-seo-wordpress/ -->
<title>Vic Tosseram - IGCAT</title>
<meta name="description" content="Vic Tosseram, originaire du Brabant-Septentrional, a été finaliste du Prix européen des jeunes chefs 2019 et est chef ambassadeur régional de l’IGCAT." />
<meta name="robots" content="index, follow, max-snippet:-1, max-image-preview:large, max-video-preview:-1" />
<link rel="canonical" href="https://igcat.org/fr/team/vic-tosseram/" />
<meta property="og:locale" content="fr_FR" />
<meta property="og:type" content="article" />
<meta property="og:title" content="Vic Tosseram - IGCAT" />
<meta property="og:description" content="Vic Tosseram, originaire du Brabant-Septentrional, a été finaliste du Prix européen des jeunes chefs 2019 et est chef ambassadeur régional de l’IGCAT." />
<meta property="og:url" content="https://igcat.org/fr/team/vic-tosseram/" />
<meta property="og:site_name" content="IGCAT - International Institute of Gastronomy, Culture, Arts and Tourism" />
<meta property="article:publisher" content="https://www.facebook.com/WorldRegionofGastronomy" />
<meta property="og:image" content="https://igcat.org/wp-content/uploads/2019/12/Vic-Tosseram.jpeg" />
	<meta property="og:image:width" content="264" />
	<meta property="og:image:height" content="264" />
	<meta property="og:image:type" content="image/jpeg" />
<meta name="twitter:card" content="summary_large_image" />
<meta name="twitter:label1" content="Durée de lecture estimée" />
	<meta name="twitter:data1" content="1 minute" />
<script type="application/ld+json" class="yoast-schema-graph">{"@context":"https:\/\/schema.org","@graph":[{"@type":"WebPage","@id":"https:\/\/igcat.org\/fr\/team\/vic-tosseram\/","url":"https:\/\/igcat.org\/fr\/team\/vic-tosseram\/","name":"Vic Tosseram - IGCAT","isPartOf":{"@id":"https:\/\/igcat.org\/fr\/#website"},"primaryImageOfPage":{"@id":"https:\/\/igcat.org\/fr\/team\/vic-tosseram\/#primaryimage"},"image":{"@id":"https:\/\/igcat.org\/fr\/team\/vic-tosseram\/#primaryimage"},"thumbnailUrl":"https:\/\/igcat.org\/wp-content\/uploads\/2019\/12\/Vic-Tosseram.jpeg","datePublished":"2019-11-01T18:42:55+00:00","description":"Vic Tosseram, originaire du Brabant-Septentrional, a été finaliste du Prix européen des jeunes chefs 2019 et est chef ambassadeur régional de l’IGCAT.","breadcrumb":{"@id":"https:\/\/igcat.org\/fr\/team\/vic-tosseram\/#breadcrumb"},"inLanguage":"fr-FR","potentialAction":[{"@type":"ReadAction","target":["https:\/\/igcat.org\/fr\/team\/vic-tosseram\/"]}]},{"@type":"ImageObject","inLanguage":"fr-FR","@id":"https:\/\/igcat.org\/fr\/team\/vic-tosseram\/#primaryimage","url":"https:\/\/igcat.org\/wp-content\/uploads\/2019\/12\/Vic-Tosseram.jpeg","contentUrl":"https:\/\/igcat.org\/wp-content\/uploads\/2019\/12\/Vic-Tosseram.jpeg","width":264,"height":264},{"@type":"BreadcrumbList","@id":"https:\/\/igcat.org\/fr\/team\/vic-tosseram\/#breadcrumb","itemListElement":[{"@type":"ListItem","position":1,"name":"Home","item":"https:\/\/igcat.org\/fr\/"},{"@type":"ListItem","position":2,"name":"Team","item":"https:\/\/igcat.org\/fr\/team\/"},{"@type":"ListItem","position":3,"name":"Vic Tosseram"}]},{"@type":"WebSite","@id":"https:\/\/igcat.org\/fr\/#website","url":"https:\/\/igcat.org\/fr\/","name":"IGCAT - International Institute of Gastronomy, Culture, Arts and Tourism","description":"International Institute of Gastronomy, Culture, Arts and Tourism","publisher":{"@id":"https:\/\/igcat.org\/fr\/#organization"},"alternateName":"IGCAT","potentialAction":[{"@type":"SearchAction","target":{"@type":"EntryPoint","urlTemplate":"https:\/\/igcat.org\/fr\/?s={search_term_string}"},"query-input":{"@type":"PropertyValueSpecification","valueRequired":true,"valueName":"search_term_string"}}],"inLanguage":"fr-FR"},{"@type":"Organization","@id":"https:\/\/igcat.org\/fr\/#organization","name":"IGCAT","alternateName":"IGCAT","url":"https:\/\/igcat.org\/fr\/","logo":{"@type":"ImageObject","inLanguage":"fr-FR","@id":"https:\/\/igcat.org\/fr\/#\/schema\/logo\/image\/","url":"https:\/\/igcat.org\/wp-content\/uploads\/2016\/02\/main_logo.png","contentUrl":"https:\/\/igcat.org\/wp-content\/uploads\/2016\/02\/main_logo.png","width":620,"height":228,"caption":"IGCAT"},"image":{"@id":"https:\/\/igcat.org\/fr\/#\/schema\/logo\/image\/"},"sameAs":["https:\/\/www.facebook.com\/WorldRegionofGastronomy","https:\/\/www.instagram.com\/igcat_org\/","https:\/\/www.linkedin.com\/company\/igcat-international-institute-of-gastronomy-arts-and-tourism\/","https:\/\/www.youtube.com\/channel\/UCL1xbT3vRbZh3bj-d0_0Vlg"]}]}</script>
<!-- / Yoast SEO plugin. -->

Vic Tosseram, originaire du Brabant-Septentrional, a été finaliste du Prix européen des jeunes chefs 2019 et est chef ambassadeur régional de l’IGCAT.
