{"id":28657,"date":"2019-11-01T19:31:44","date_gmt":"2019-11-01T18:31:44","guid":{"rendered":"https:\/\/igcat.org\/team\/clara-florit\/"},"modified":"2019-11-01T19:31:44","modified_gmt":"2019-11-01T18:31:44","slug":"clara-florit","status":"publish","type":"team","link":"https:\/\/igcat.org\/fr\/team\/clara-florit\/","title":{"rendered":"Clara Florit"},"content":{"rendered":"<h3>Clara Florit<\/h3>\n<p><strong>Minorque, Espagne<\/strong><\/p>\n<p>N\u00e9e \u00e0 Ciutadella de Menorca il y a 26 ans, <strong>Clara Florit<\/strong> est la finaliste qui a repr\u00e9sent\u00e9 <strong>Minorque, candidate \u00e0 la R\u00e9gion europ\u00e9enne de la gastronomie 2022<\/strong> au <strong>Prix europ\u00e9en du jeune chef 2019<\/strong>.<\/p>\n<p>Clara est \u00e9tudiante \u00e0 l\u2019IES Cardona de Minorque, o\u00f9 elle a suivi une formation professionnelle en gestion de la cuisine. Au cours de ses \u00e9tudes, elle a effectu\u00e9 un stage au restaurant Mon \u00e0 Minorque et a re\u00e7u une bourse Euro-Toques de trois mois qui lui a donn\u00e9 l\u2019occasion de vivre une exp\u00e9rience d\u2019apprentissage au restaurant Adolfo \u00e0 Tol\u00e8de.<\/p>\n<p>Elle aime cuisiner, lire, voyager et d\u00e9couvrir de nouvelles cultures et cuisines. Son r\u00eave ? \u00ab Je veux devenir un grand chef qui fusionne les diff\u00e9rentes gastronomies que je rencontrerai au fil de mes voyages. \u00bb<\/p>\n","protected":false},"excerpt":{"rendered":"<p>Clara Florit Minorque, Espagne N\u00e9e \u00e0 Ciutadella de Menorca il y a 26 ans, Clara Florit est la finaliste qui a repr\u00e9sent\u00e9 Minorque, candidate \u00e0 la R\u00e9gion europ\u00e9enne de la gastronomie 2022 au Prix europ\u00e9en du jeune chef 2019. Clara est \u00e9tudiante \u00e0 l\u2019IES Cardona de Minorque, o\u00f9 elle a suivi une formation professionnelle en [&hellip;]<\/p>\n","protected":false},"featured_media":28664,"template":"","team_group":[677],"class_list":["post-28657","team","type-team","status-publish","has-post-thumbnail","hentry","team_group-igcat-regional-chef-ambassadors"],"yoast_head":"<!-- This site is optimized with the Yoast SEO plugin v27.3 - https:\/\/yoast.com\/product\/yoast-seo-wordpress\/ -->\n<title>Clara Florit - IGCAT<\/title>\n<meta name=\"description\" content=\"Clara Florit, de Minorque, a \u00e9t\u00e9 finaliste du Prix europ\u00e9en des jeunes chefs 2019 et est ambassadrice r\u00e9gionale des jeunes chefs de l\u2019IGCAT.\" \/>\n<meta name=\"robots\" content=\"index, follow, max-snippet:-1, max-image-preview:large, max-video-preview:-1\" \/>\n<link rel=\"canonical\" href=\"https:\/\/igcat.org\/fr\/team\/clara-florit\/\" \/>\n<meta property=\"og:locale\" content=\"fr_FR\" \/>\n<meta property=\"og:type\" content=\"article\" \/>\n<meta property=\"og:title\" content=\"Clara Florit - IGCAT\" \/>\n<meta property=\"og:description\" content=\"Clara Florit, de Minorque, a \u00e9t\u00e9 finaliste du Prix europ\u00e9en des jeunes chefs 2019 et est ambassadrice r\u00e9gionale des jeunes chefs de l\u2019IGCAT.\" \/>\n<meta property=\"og:url\" content=\"https:\/\/igcat.org\/fr\/team\/clara-florit\/\" \/>\n<meta property=\"og:site_name\" content=\"IGCAT - International Institute of Gastronomy, Culture, Arts and Tourism\" \/>\n<meta property=\"article:publisher\" content=\"https:\/\/www.facebook.com\/WorldRegionofGastronomy\" \/>\n<meta property=\"og:image\" content=\"https:\/\/igcat.org\/wp-content\/uploads\/2019\/12\/Clara-Florit.png\" \/>\n\t<meta property=\"og:image:width\" content=\"264\" \/>\n\t<meta property=\"og:image:height\" content=\"263\" \/>\n\t<meta property=\"og:image:type\" content=\"image\/png\" \/>\n<meta name=\"twitter:card\" content=\"summary_large_image\" \/>\n<meta name=\"twitter:label1\" content=\"Dur\u00e9e de lecture estim\u00e9e\" \/>\n\t<meta name=\"twitter:data1\" content=\"1 minute\" \/>\n<script type=\"application\/ld+json\" class=\"yoast-schema-graph\">{\"@context\":\"https:\\\/\\\/schema.org\",\"@graph\":[{\"@type\":\"WebPage\",\"@id\":\"https:\\\/\\\/igcat.org\\\/fr\\\/team\\\/clara-florit\\\/\",\"url\":\"https:\\\/\\\/igcat.org\\\/fr\\\/team\\\/clara-florit\\\/\",\"name\":\"Clara Florit - IGCAT\",\"isPartOf\":{\"@id\":\"https:\\\/\\\/igcat.org\\\/fr\\\/#website\"},\"primaryImageOfPage\":{\"@id\":\"https:\\\/\\\/igcat.org\\\/fr\\\/team\\\/clara-florit\\\/#primaryimage\"},\"image\":{\"@id\":\"https:\\\/\\\/igcat.org\\\/fr\\\/team\\\/clara-florit\\\/#primaryimage\"},\"thumbnailUrl\":\"https:\\\/\\\/igcat.org\\\/wp-content\\\/uploads\\\/2019\\\/12\\\/Clara-Florit.png\",\"datePublished\":\"2019-11-01T18:31:44+00:00\",\"description\":\"Clara Florit, de Minorque, a \u00e9t\u00e9 finaliste du Prix europ\u00e9en des jeunes chefs 2019 et est ambassadrice r\u00e9gionale des jeunes chefs de l\u2019IGCAT.\",\"breadcrumb\":{\"@id\":\"https:\\\/\\\/igcat.org\\\/fr\\\/team\\\/clara-florit\\\/#breadcrumb\"},\"inLanguage\":\"fr-FR\",\"potentialAction\":[{\"@type\":\"ReadAction\",\"target\":[\"https:\\\/\\\/igcat.org\\\/fr\\\/team\\\/clara-florit\\\/\"]}]},{\"@type\":\"ImageObject\",\"inLanguage\":\"fr-FR\",\"@id\":\"https:\\\/\\\/igcat.org\\\/fr\\\/team\\\/clara-florit\\\/#primaryimage\",\"url\":\"https:\\\/\\\/igcat.org\\\/wp-content\\\/uploads\\\/2019\\\/12\\\/Clara-Florit.png\",\"contentUrl\":\"https:\\\/\\\/igcat.org\\\/wp-content\\\/uploads\\\/2019\\\/12\\\/Clara-Florit.png\",\"width\":264,\"height\":263},{\"@type\":\"BreadcrumbList\",\"@id\":\"https:\\\/\\\/igcat.org\\\/fr\\\/team\\\/clara-florit\\\/#breadcrumb\",\"itemListElement\":[{\"@type\":\"ListItem\",\"position\":1,\"name\":\"Home\",\"item\":\"https:\\\/\\\/igcat.org\\\/fr\\\/\"},{\"@type\":\"ListItem\",\"position\":2,\"name\":\"Team\",\"item\":\"https:\\\/\\\/igcat.org\\\/fr\\\/team\\\/\"},{\"@type\":\"ListItem\",\"position\":3,\"name\":\"Clara Florit\"}]},{\"@type\":\"WebSite\",\"@id\":\"https:\\\/\\\/igcat.org\\\/fr\\\/#website\",\"url\":\"https:\\\/\\\/igcat.org\\\/fr\\\/\",\"name\":\"IGCAT - International Institute of Gastronomy, Culture, Arts and Tourism\",\"description\":\"International Institute of Gastronomy, Culture, Arts and Tourism\",\"publisher\":{\"@id\":\"https:\\\/\\\/igcat.org\\\/fr\\\/#organization\"},\"alternateName\":\"IGCAT\",\"potentialAction\":[{\"@type\":\"SearchAction\",\"target\":{\"@type\":\"EntryPoint\",\"urlTemplate\":\"https:\\\/\\\/igcat.org\\\/fr\\\/?s={search_term_string}\"},\"query-input\":{\"@type\":\"PropertyValueSpecification\",\"valueRequired\":true,\"valueName\":\"search_term_string\"}}],\"inLanguage\":\"fr-FR\"},{\"@type\":\"Organization\",\"@id\":\"https:\\\/\\\/igcat.org\\\/fr\\\/#organization\",\"name\":\"IGCAT\",\"alternateName\":\"IGCAT\",\"url\":\"https:\\\/\\\/igcat.org\\\/fr\\\/\",\"logo\":{\"@type\":\"ImageObject\",\"inLanguage\":\"fr-FR\",\"@id\":\"https:\\\/\\\/igcat.org\\\/fr\\\/#\\\/schema\\\/logo\\\/image\\\/\",\"url\":\"https:\\\/\\\/igcat.org\\\/wp-content\\\/uploads\\\/2016\\\/02\\\/main_logo.png\",\"contentUrl\":\"https:\\\/\\\/igcat.org\\\/wp-content\\\/uploads\\\/2016\\\/02\\\/main_logo.png\",\"width\":620,\"height\":228,\"caption\":\"IGCAT\"},\"image\":{\"@id\":\"https:\\\/\\\/igcat.org\\\/fr\\\/#\\\/schema\\\/logo\\\/image\\\/\"},\"sameAs\":[\"https:\\\/\\\/www.facebook.com\\\/WorldRegionofGastronomy\",\"https:\\\/\\\/www.instagram.com\\\/igcat_org\\\/\",\"https:\\\/\\\/www.linkedin.com\\\/company\\\/igcat-international-institute-of-gastronomy-arts-and-tourism\\\/\",\"https:\\\/\\\/www.youtube.com\\\/channel\\\/UCL1xbT3vRbZh3bj-d0_0Vlg\"]}]}<\/script>\n<!-- \/ Yoast SEO plugin. -->","yoast_head_json":{"title":"Clara Florit - IGCAT","description":"Clara Florit, de Minorque, a \u00e9t\u00e9 finaliste du Prix europ\u00e9en des jeunes chefs 2019 et est ambassadrice r\u00e9gionale des jeunes chefs de l\u2019IGCAT.","robots":{"index":"index","follow":"follow","max-snippet":"max-snippet:-1","max-image-preview":"max-image-preview:large","max-video-preview":"max-video-preview:-1"},"canonical":"https:\/\/igcat.org\/fr\/team\/clara-florit\/","og_locale":"fr_FR","og_type":"article","og_title":"Clara Florit - IGCAT","og_description":"Clara Florit, de Minorque, a \u00e9t\u00e9 finaliste du Prix europ\u00e9en des jeunes chefs 2019 et est ambassadrice r\u00e9gionale des jeunes chefs de l\u2019IGCAT.","og_url":"https:\/\/igcat.org\/fr\/team\/clara-florit\/","og_site_name":"IGCAT - International Institute of Gastronomy, Culture, Arts and Tourism","article_publisher":"https:\/\/www.facebook.com\/WorldRegionofGastronomy","og_image":[{"width":264,"height":263,"url":"https:\/\/igcat.org\/wp-content\/uploads\/2019\/12\/Clara-Florit.png","type":"image\/png"}],"twitter_card":"summary_large_image","twitter_misc":{"Dur\u00e9e de lecture estim\u00e9e":"1 minute"},"schema":{"@context":"https:\/\/schema.org","@graph":[{"@type":"WebPage","@id":"https:\/\/igcat.org\/fr\/team\/clara-florit\/","url":"https:\/\/igcat.org\/fr\/team\/clara-florit\/","name":"Clara Florit - IGCAT","isPartOf":{"@id":"https:\/\/igcat.org\/fr\/#website"},"primaryImageOfPage":{"@id":"https:\/\/igcat.org\/fr\/team\/clara-florit\/#primaryimage"},"image":{"@id":"https:\/\/igcat.org\/fr\/team\/clara-florit\/#primaryimage"},"thumbnailUrl":"https:\/\/igcat.org\/wp-content\/uploads\/2019\/12\/Clara-Florit.png","datePublished":"2019-11-01T18:31:44+00:00","description":"Clara Florit, de Minorque, a \u00e9t\u00e9 finaliste du Prix europ\u00e9en des jeunes chefs 2019 et est ambassadrice r\u00e9gionale des jeunes chefs de l\u2019IGCAT.","breadcrumb":{"@id":"https:\/\/igcat.org\/fr\/team\/clara-florit\/#breadcrumb"},"inLanguage":"fr-FR","potentialAction":[{"@type":"ReadAction","target":["https:\/\/igcat.org\/fr\/team\/clara-florit\/"]}]},{"@type":"ImageObject","inLanguage":"fr-FR","@id":"https:\/\/igcat.org\/fr\/team\/clara-florit\/#primaryimage","url":"https:\/\/igcat.org\/wp-content\/uploads\/2019\/12\/Clara-Florit.png","contentUrl":"https:\/\/igcat.org\/wp-content\/uploads\/2019\/12\/Clara-Florit.png","width":264,"height":263},{"@type":"BreadcrumbList","@id":"https:\/\/igcat.org\/fr\/team\/clara-florit\/#breadcrumb","itemListElement":[{"@type":"ListItem","position":1,"name":"Home","item":"https:\/\/igcat.org\/fr\/"},{"@type":"ListItem","position":2,"name":"Team","item":"https:\/\/igcat.org\/fr\/team\/"},{"@type":"ListItem","position":3,"name":"Clara Florit"}]},{"@type":"WebSite","@id":"https:\/\/igcat.org\/fr\/#website","url":"https:\/\/igcat.org\/fr\/","name":"IGCAT - International Institute of Gastronomy, Culture, Arts and Tourism","description":"International Institute of Gastronomy, Culture, Arts and Tourism","publisher":{"@id":"https:\/\/igcat.org\/fr\/#organization"},"alternateName":"IGCAT","potentialAction":[{"@type":"SearchAction","target":{"@type":"EntryPoint","urlTemplate":"https:\/\/igcat.org\/fr\/?s={search_term_string}"},"query-input":{"@type":"PropertyValueSpecification","valueRequired":true,"valueName":"search_term_string"}}],"inLanguage":"fr-FR"},{"@type":"Organization","@id":"https:\/\/igcat.org\/fr\/#organization","name":"IGCAT","alternateName":"IGCAT","url":"https:\/\/igcat.org\/fr\/","logo":{"@type":"ImageObject","inLanguage":"fr-FR","@id":"https:\/\/igcat.org\/fr\/#\/schema\/logo\/image\/","url":"https:\/\/igcat.org\/wp-content\/uploads\/2016\/02\/main_logo.png","contentUrl":"https:\/\/igcat.org\/wp-content\/uploads\/2016\/02\/main_logo.png","width":620,"height":228,"caption":"IGCAT"},"image":{"@id":"https:\/\/igcat.org\/fr\/#\/schema\/logo\/image\/"},"sameAs":["https:\/\/www.facebook.com\/WorldRegionofGastronomy","https:\/\/www.instagram.com\/igcat_org\/","https:\/\/www.linkedin.com\/company\/igcat-international-institute-of-gastronomy-arts-and-tourism\/","https:\/\/www.youtube.com\/channel\/UCL1xbT3vRbZh3bj-d0_0Vlg"]}]}},"_links":{"self":[{"href":"https:\/\/igcat.org\/fr\/wp-json\/wp\/v2\/team\/28657","targetHints":{"allow":["GET"]}}],"collection":[{"href":"https:\/\/igcat.org\/fr\/wp-json\/wp\/v2\/team"}],"about":[{"href":"https:\/\/igcat.org\/fr\/wp-json\/wp\/v2\/types\/team"}],"version-history":[{"count":0,"href":"https:\/\/igcat.org\/fr\/wp-json\/wp\/v2\/team\/28657\/revisions"}],"wp:featuredmedia":[{"embeddable":true,"href":"https:\/\/igcat.org\/fr\/wp-json\/wp\/v2\/media\/28664"}],"wp:attachment":[{"href":"https:\/\/igcat.org\/fr\/wp-json\/wp\/v2\/media?parent=28657"}],"wp:term":[{"taxonomy":"team_group","embeddable":true,"href":"https:\/\/igcat.org\/fr\/wp-json\/wp\/v2\/team_group?post=28657"}],"curies":[{"name":"wp","href":"https:\/\/api.w.org\/{rel}","templated":true}]}}

<h3>Clara Florit</h3>
<p><strong>Minorque, Espagne</strong></p>
<p>Née à Ciutadella de Menorca il y a 26 ans, <strong>Clara Florit</strong> est la finaliste qui a représenté <strong>Minorque, candidate à la Région européenne de la gastronomie 2022</strong> au <strong>Prix européen du jeune chef 2019</strong>.</p>
<p>Clara est étudiante à l’IES Cardona de Minorque, où elle a suivi une formation professionnelle en gestion de la cuisine. Au cours de ses études, elle a effectué un stage au restaurant Mon à Minorque et a reçu une bourse Euro-Toques de trois mois qui lui a donné l’occasion de vivre une expérience d’apprentissage au restaurant Adolfo à Tolède.</p>
<p>Elle aime cuisiner, lire, voyager et découvrir de nouvelles cultures et cuisines. Son rêve ? « Je veux devenir un grand chef qui fusionne les différentes gastronomies que je rencontrerai au fil de mes voyages. »</p>

<p>Clara Florit Minorque, Espagne Née à Ciutadella de Menorca il y a 26 ans, Clara Florit est la finaliste qui a représenté Minorque, candidate à la Région européenne de la gastronomie 2022 au Prix européen du jeune chef 2019. Clara est étudiante à l’IES Cardona de Minorque, où elle a suivi une formation professionnelle en [&hellip;]</p>

<!-- This site is optimized with the Yoast SEO plugin v27.3 - https://yoast.com/product/yoast-seo-wordpress/ -->
<title>Clara Florit - IGCAT</title>
<meta name="description" content="Clara Florit, de Minorque, a été finaliste du Prix européen des jeunes chefs 2019 et est ambassadrice régionale des jeunes chefs de l’IGCAT." />
<meta name="robots" content="index, follow, max-snippet:-1, max-image-preview:large, max-video-preview:-1" />
<link rel="canonical" href="https://igcat.org/fr/team/clara-florit/" />
<meta property="og:locale" content="fr_FR" />
<meta property="og:type" content="article" />
<meta property="og:title" content="Clara Florit - IGCAT" />
<meta property="og:description" content="Clara Florit, de Minorque, a été finaliste du Prix européen des jeunes chefs 2019 et est ambassadrice régionale des jeunes chefs de l’IGCAT." />
<meta property="og:url" content="https://igcat.org/fr/team/clara-florit/" />
<meta property="og:site_name" content="IGCAT - International Institute of Gastronomy, Culture, Arts and Tourism" />
<meta property="article:publisher" content="https://www.facebook.com/WorldRegionofGastronomy" />
<meta property="og:image" content="https://igcat.org/wp-content/uploads/2019/12/Clara-Florit.png" />
	<meta property="og:image:width" content="264" />
	<meta property="og:image:height" content="263" />
	<meta property="og:image:type" content="image/png" />
<meta name="twitter:card" content="summary_large_image" />
<meta name="twitter:label1" content="Durée de lecture estimée" />
	<meta name="twitter:data1" content="1 minute" />
<script type="application/ld+json" class="yoast-schema-graph">{"@context":"https:\/\/schema.org","@graph":[{"@type":"WebPage","@id":"https:\/\/igcat.org\/fr\/team\/clara-florit\/","url":"https:\/\/igcat.org\/fr\/team\/clara-florit\/","name":"Clara Florit - IGCAT","isPartOf":{"@id":"https:\/\/igcat.org\/fr\/#website"},"primaryImageOfPage":{"@id":"https:\/\/igcat.org\/fr\/team\/clara-florit\/#primaryimage"},"image":{"@id":"https:\/\/igcat.org\/fr\/team\/clara-florit\/#primaryimage"},"thumbnailUrl":"https:\/\/igcat.org\/wp-content\/uploads\/2019\/12\/Clara-Florit.png","datePublished":"2019-11-01T18:31:44+00:00","description":"Clara Florit, de Minorque, a été finaliste du Prix européen des jeunes chefs 2019 et est ambassadrice régionale des jeunes chefs de l’IGCAT.","breadcrumb":{"@id":"https:\/\/igcat.org\/fr\/team\/clara-florit\/#breadcrumb"},"inLanguage":"fr-FR","potentialAction":[{"@type":"ReadAction","target":["https:\/\/igcat.org\/fr\/team\/clara-florit\/"]}]},{"@type":"ImageObject","inLanguage":"fr-FR","@id":"https:\/\/igcat.org\/fr\/team\/clara-florit\/#primaryimage","url":"https:\/\/igcat.org\/wp-content\/uploads\/2019\/12\/Clara-Florit.png","contentUrl":"https:\/\/igcat.org\/wp-content\/uploads\/2019\/12\/Clara-Florit.png","width":264,"height":263},{"@type":"BreadcrumbList","@id":"https:\/\/igcat.org\/fr\/team\/clara-florit\/#breadcrumb","itemListElement":[{"@type":"ListItem","position":1,"name":"Home","item":"https:\/\/igcat.org\/fr\/"},{"@type":"ListItem","position":2,"name":"Team","item":"https:\/\/igcat.org\/fr\/team\/"},{"@type":"ListItem","position":3,"name":"Clara Florit"}]},{"@type":"WebSite","@id":"https:\/\/igcat.org\/fr\/#website","url":"https:\/\/igcat.org\/fr\/","name":"IGCAT - International Institute of Gastronomy, Culture, Arts and Tourism","description":"International Institute of Gastronomy, Culture, Arts and Tourism","publisher":{"@id":"https:\/\/igcat.org\/fr\/#organization"},"alternateName":"IGCAT","potentialAction":[{"@type":"SearchAction","target":{"@type":"EntryPoint","urlTemplate":"https:\/\/igcat.org\/fr\/?s={search_term_string}"},"query-input":{"@type":"PropertyValueSpecification","valueRequired":true,"valueName":"search_term_string"}}],"inLanguage":"fr-FR"},{"@type":"Organization","@id":"https:\/\/igcat.org\/fr\/#organization","name":"IGCAT","alternateName":"IGCAT","url":"https:\/\/igcat.org\/fr\/","logo":{"@type":"ImageObject","inLanguage":"fr-FR","@id":"https:\/\/igcat.org\/fr\/#\/schema\/logo\/image\/","url":"https:\/\/igcat.org\/wp-content\/uploads\/2016\/02\/main_logo.png","contentUrl":"https:\/\/igcat.org\/wp-content\/uploads\/2016\/02\/main_logo.png","width":620,"height":228,"caption":"IGCAT"},"image":{"@id":"https:\/\/igcat.org\/fr\/#\/schema\/logo\/image\/"},"sameAs":["https:\/\/www.facebook.com\/WorldRegionofGastronomy","https:\/\/www.instagram.com\/igcat_org\/","https:\/\/www.linkedin.com\/company\/igcat-international-institute-of-gastronomy-arts-and-tourism\/","https:\/\/www.youtube.com\/channel\/UCL1xbT3vRbZh3bj-d0_0Vlg"]}]}</script>
<!-- / Yoast SEO plugin. -->

Clara Florit, de Minorque, a été finaliste du Prix européen des jeunes chefs 2019 et est ambassadrice régionale des jeunes chefs de l’IGCAT.
